-67 = -t - 3*l. List the prime factors of t.
73
Let z(n) = -13*n - 78. Let v be z(-5). What are the prime factors of 842/6 + v/(156/(-8))?
3, 47
Let x(w) = -w**2 - 29*w + 12. Let j be x(-29). Suppose -j*f + 7*f = -20. Suppose 0 = 2*i - h - 7, -2*i + 0 = f*h - 2. What are the prime factors of i?
3
Let f be (4 - (-333)/(-18))/((-1)/22). Suppose 0*z - 4*z - 1264 = -4*a, -a = 2*z - f. List the prime factors of a.
317
Let s(z) = z - 4. Let h be s(2). Let l(r) = 235*r**2 - 27*r - 50. List the prime factors of l(h).
2, 59
Let r(l) = -37*l**3 + 27*l**2 + 164*l - 27. List the prime factors of r(-9).
3, 7, 439
Let a be 4/18 + 68/18. Let u(c) = -106*c + 14. Let x(p) = 53*p - 7. Let f(z) = -3*u(z) - 5*x(z). List the prime factors of f(a).
5, 41
Let n(j) = 14*j**2 + 8*j - 36. Let i be n(-21). Suppose -8*w = -718 - i. Let q = w + -581. What are the prime factors of q?
3, 5, 17
Suppose 3*o + 4 = o. Let f(u) = 4*u - u**3 + u**2 - 6*u + 2 - 7 - 10*u**3 + 3. List the prime factors of f(o).
2, 47
Let d be (2 + 0 + -2 + 3)/1. Suppose 341 - 81 = 2*g + 3*s, 0 = -d*g + 3*s + 390. Let j = g + -76. List the prime factors of j.
2, 3
Let c = 54 - 35. Suppose -1944 = -c*p + 11*p. List the prime factors of p.
3
Let g = 91 - 89. Suppose s = -5*k - 18, 3*s = -0*k + k - 6. What are the prime factors of s + 1*(24 + g)?
23
Suppose 18*m - 18 = 21*m. Let l be (-8)/m*30/4. Let d(w) = 3*w**2 - 12*w + 44. List the prime factors of d(l).
2, 7
Let z(u) = 1490*u + 3991. List the prime factors of z(8).
7, 2273
Let o(h) = -78*h - 19*h - 16*h**2 + 21*h**2 + 8 + 49. What are the prime factors of o(28)?
13, 97
Let i be 1*(-4 - (0 - 3)) - -4. Suppose i*p - 669 - 87 = 0. What are the prime factors of p?
2, 3, 7
Let f(p) = -p**2 + 179*p + 31092. List the prime factors of f(0).
2, 3, 2591
List the prime factors of (3435/9*(-4)/(-20))/(7/4053).
193, 229
Let k be (14/(-4))/((69/54)/(-23)). Let r = k + 217. What are the prime factors of r?
2, 5, 7
Suppose -56388 = 16*j - 45*j - 19848. What are the prime factors of j?
2, 3, 5, 7
Let p be (-92)/3 + 2 + 20/(-15). Let n be 2/3*21/(-14)*-67. Let i = n - p. What are the prime factors of i?
97
Suppose 3*r = 3*s - 9, -4*s + 4 = r - 8. Let y be 44/6 + (-1)/s. What are the prime factors of 10/3*-3*y/(-2)?
5, 7
Let j be (-96)/(-2)*(2 - (3 - 3)). Let o be (-2)/8 - (-216)/j. What are the prime factors of (-2)/4 + -17*(-1)/o?
2
Let k be 1*(4 - 5)*0. Suppose k = 7*h - 859 - 1094. What are the prime factors of h?
3, 31
Let d be 3/(-4)*8/(-6). List the prime factors of (d - 46/10)/((-14)/4305).
3, 41
Let g(j) = 6*j**2 - 3*j + 4. Let v be g(3). Let i = v - 47. Suppose 0 = z + 5*f + 12, 0 = i*z - 4*z - 2*f. What are the prime factors of z?
3
Suppose -257*j + 331*j - 415288 = 0. List the prime factors of j.
2, 23, 61
Let i(m) = -7537*m + 5216. What are the prime factors of i(-6)?
2, 25219
Let c(s) = -s**3 + s**2 + 2*s + 2. Let i be c(3). Let m(q) = -2*q - 12 + 0*q**2 + 2*q**2 - q**2. What are the prime factors of m(i)?
2, 3
Suppose -49*j + 48*j + 3 = 0. Suppose 11 = j*v + 11. Suppose -4*d - 3*p + 403 = v, 3*d - 294 = -3*p - 2*p. List the prime factors of d.
103
Let u = -55 - -60. Let m be -1*u*21/35. List the prime factors of 7/((-21)/(-115)) + 1/m.
2, 19
Let m(a) = a**3 + 16*a**2 + 27*a + 9. Let g be m(-45). List the prime factors of 30/(-375) + g/(-75) - 4.
3, 5, 53
Suppose 0 = -3*f - 5*o + 18, 8 + 6 = 5*f + 3*o. Suppose -4*c + 8 = -3*h - f, 5*h = 5. Suppose 94 = c*y - 536. What are the prime factors of y?
2, 3, 5, 7
Let p(f) = 24*f**2 + 12*f + 5. Let o(w) = 25*w**2 + 13*w + 4. Let h(i) = 6*o(i) - 7*p(i). Let y be h(-5). Let m = -271 - y. What are the prime factors of m?
2, 5
Suppose 998 = -6*z - 640. Let d = 403 - z. List the prime factors of d.
2, 13
Let q(t) = 3*t + 6. Let x be q(7). List the prime factors of 3/x - (-83062)/153.
3, 181
What are the prime factors of (2 + -222 + 8)*(-14 + -149)?
2, 53, 163
List the prime factors of 1/(-1)*26744*(12 - (-98)/(-8)).
2, 3343
Suppose -2*h = 4*j - 18392, 5*h - 45966 = 3*j - 6*j. List the prime factors of h.
2, 3, 383
Suppose 3*z - 310 = 3*w + 128, 3*w + 5*z + 470 = 0. Let b = 434 - 475. Let x = b - w. List the prime factors of x.
109
Let n(y) = -5980*y - 8283. What are the prime factors of n(-8)?
7, 5651
Let c(w) = 366*w**2 - 205*w + 225. List the prime factors of c(13).
2, 61, 487
Let j = 13577 - 6543. What are the prime factors of j?
2, 3517
Suppose 1418*v = 1406*v + 69432. List the prime factors of v.
2, 11, 263
Suppose -29*k - 27*k = -23912. Suppose -20*m + 5*f = -16*m - 312, -5*m - 3*f = -k. List the prime factors of m.
83
Suppose 469 = 4*d + u, 0*d - 4*u = -4*d + 444. Let t(b) = 22*b - 58 + d - 61 - b**2 + 4*b**2. List the prime factors of t(-9).
2, 3, 7
Suppose -26*i + i = -13700. Suppose -2*h - 3*h + u - 1883 = 0, -u = -3. Let s = i + h. List the prime factors of s.
2, 43
Suppose -11*u + 4*u = -175. Suppose -i = j + 2*j + 8, 5*i = -u. List the prime factors of (j/(-4))/((-6)/804)*-2.
67
Let h be (1 + 24/(-9))/((-1)/(-3)). Let m = 27 + h. List the prime factors of (-519)/(-11) - 4/m.
47
Suppose -98 = -6*k + 4*k. Let w = k - -230. Let d = -194 + w. What are the prime factors of d?
5, 17
Suppose -5*j - 12 = -0*x + 3*x, 0 = 4*x + 5*j + 16. Let q be 70/6 - x/(-6). Suppose 0 = -q*y + 9*y + 82. List the prime factors of y.
41
Let x(f) = -2407*f - 2705. List the prime factors of x(-7).
2, 13, 17
Let p be (-30)/9*(-36)/8. Let g(d) = -31 + p + 8*d + 19. List the prime factors of g(5).
43
Let w(i) = 5*i**2 + 2*i - 3376. What are the prime factors of w(-66)?
2, 571
Suppose 61 + 654 = 11*y. Let i = 46 + y. What are the prime factors of i?
3, 37
Let s = 339 - 345. What are the prime factors of -708*(-1 + (-2)/s)?
2, 59
Let p be (-3)/(3*(-3)/(-18)). Let n be 8 - (-3)/(p/8). Suppose -3*l - 2*l = d - 80, -5*d + 421 = n*l. List the prime factors of d.
5, 17
Suppose -4*i + 16475 + 5359 = -2*k, -2*k - 5451 = -i. List the prime factors of i.
43, 127
Let z(l) = -l**2 + 24*l - 79. Let k be z(20). Suppose 92 = 3*c - k. List the prime factors of c.
31
Suppose -583*d + r + 233798 = -578*d, 0 = -4*d + r + 187038. List the prime factors of d.
2, 5, 7, 167
Let y = 3847 - 2237. List the prime factors of y.
2, 5, 7, 23
Let z = 18381 + 21877. List the prime factors of z.
2, 20129
What are the prime factors of 2/((21/(-140226))/((-217)/124))?
23371
Suppose 16242 = 13*j - 1256. Let p = j + 575. What are the prime factors of p?
17, 113
Let s be -1 + -3 + (-8)/(-2). Suppose 5*o = -2*x + x + 723, x + 2 = s. Let r = -93 + o. What are the prime factors of r?
2, 13
Suppose -2*l - 9210 = -5*b - 30207, -b + 21027 = 2*l. What are the prime factors of l?
23, 457
Let n(h) = 628*h - 263. Let p be n(10). Suppose -11*w = -0*w - p. What are the prime factors of w?
547
Let g = 268 + -265. Suppose -g*f + 3*d = -888, -15*f + 589 = -13*f + d. List the prime factors of f.
5, 59
Suppose 22 = m + 19. List the prime factors of (1 + m/(-2))/(1/(-538)).
269
Suppose -4*l - 336 = -2*l. Let k = -111 - l. Let d = -12 + k. What are the prime factors of d?
3, 5
Suppose -14*a + 347260 = -468786. What are the prime factors of a?
7, 11, 757
Let t(q) = -q - 88*q**2 - 11 - 10 + 96*q**2. List the prime factors of t(-7).
2, 3, 7
Suppose 56 = 8*t + 20*t. Let h(n) = 84*n**2 - 14*n + 25. What are the prime factors of h(t)?
3, 37
Let j be 5/((1 + -4)*(-7)/(-21)). Let o(r) = r**3 + 15*r**2 - 5*r + 12. Let d be o(j). Suppose 0 = -10*h + d + 1743. List the prime factors of h.
7, 29
Suppose -3*d = 2*r - 17034, 4*d - 23521 = 3*r - 826. List the prime factors of d.
2, 3, 11, 43
Let x(g) = 2988*g**2 - 313*g - 1264. List the prime factors of x(-4).
2, 3, 7, 569
List the prime factors of ((-100)/(-15) - -2)*(-3 - (-36639)/18).
5, 13, 271
Let l = 795 + -523. Let v = l - 243. What are the prime factors of v?
29
Suppose 4*y = -3*q + 38326, -4*q + 25552 = -2*q + 2*y. List the prime factors of q.
2, 6389
Let z(f) = -354*f - 25. Let b = -438 - -435. What are the prime factors of z(b)?
17, 61
Let j = 98524 + -67147. List the prime factors of j.
3, 10459
Let y be -3 - ((-21)/(-2) + 2/4). Let s(m) = 4*m**2 + 23*m + 26. List the prime factors of s(y).
2, 61
Suppose 0 = 38*a - 75 - 39. Suppose 0 = -4*v - 3*g + 2120, v + 5*g = a*g + 535. What are the prime factors of v?
17, 31
Suppose 179*v - 385904 =